{"id":748,"date":"2018-08-29T20:16:46","date_gmt":"2018-08-29T23:16:46","guid":{"rendered":"https:\/\/eavberni-bue.infd.edu.ar\/sitio\/tecnicatura-en-diseno-grafico\/"},"modified":"2025-12-12T16:51:04","modified_gmt":"2025-12-12T19:51:04","slug":"tecnicatura-en-diseno-grafico","status":"publish","type":"page","link":"https:\/\/eavberni-bue.infd.edu.ar\/sitio\/tecnicatura-en-diseno-grafico\/","title":{"rendered":"Tecnicatura en Dise\u00f1o Gr\u00e1fico"},"content":{"rendered":"\n<p class=\"has-text-align-left\">T\u00cdTULO: T\u00c9CNICO EN DISE\u00d1O GR\u00c1FICO<\/p>\n\n\n\n<div class=\"wp-block-columns is-layout-flex wp-container-2\">\n<div class=\"wp-block-column is-layout-flow\" style=\"flex-basis:100%\">\n<p class=\"has-large-font-size\"><strong>Por qu\u00e9 estudiar dise\u00f1o gr\u00e1fico<\/strong> <\/p>\n\n\n\n<p class=\"has-medium-font-size\">Para canalizar tu creatividad y pasi\u00f3n por el arte en una carrera profesionalmente gratificante. Convertirte en un comunicador visual capaz de transmitir mensajes efectivos a trav\u00e9s de im\u00e1genes y elementos gr\u00e1ficos.&nbsp;Ser parte de una industria en constante evoluci\u00f3n que abarca desde publicidad hasta dise\u00f1o web, pasando por branding y dise\u00f1o editorial. <\/p>\n\n\n\n<p class=\"has-medium-font-size\">Desarrollar habilidades t\u00e9cnicas y creativas que son altamente demandadas en el mercado laboral. Contribuir al desarrollo de marcas y productos, ayudando a empresas y organizaciones a destacarse en un mercado competitivo.&nbsp;Trabajar en proyectos multidisciplinarios, colaborando con equipos de marketing, desarrollo web y producci\u00f3n audiovisual. Tener la oportunidad de emprender y establecer tu propio estudio de dise\u00f1o o trabajar como freelance, con flexibilidad en tu horario y proyectos.<\/p>\n\n\n\n<div class=\"elementor-element elementor-element-8505afc e-con-full e-flex e-con e-child\" data-id=\"8505afc\" data-element_type=\"container\">\n<div class=\"elementor-element elementor-element-fdc2781 elementor-widget elementor-widget-text-editor\" data-id=\"fdc2781\" data-element_type=\"widget\" data-widget_type=\"text-editor.default\">\n<div class=\"elementor-widget-container\">\n<p style=\"text-align: left;\"><strong>T\u00edtulo intermedio:<\/strong> T\u00e9cnico en Dise\u00f1o Gr\u00e1fico (3 a\u00f1os)<\/p>\n<\/div>\n<\/div>\n<div class=\"elementor-element elementor-element-0d332ea elementor-widget elementor-widget-text-editor\" data-id=\"0d332ea\" data-element_type=\"widget\" data-widget_type=\"text-editor.default\">\n<div class=\"elementor-widget-container\">\n<p style=\"text-align: left;\"><strong>T\u00edtulo:<\/strong> Dise\u00f1ador Gr\u00e1fico (1 a\u00f1o)<\/p>\n<h6>1er A\u00f1o<\/h6>\n<ul>\n<li>Tipograf\u00eda 1<\/li>\n<li>Grafica asistida por computadora 1<\/li>\n<li>Dibujo&nbsp;<\/li>\n<li>Percepci\u00f3n Visual<\/li>\n<li>Taller de Texto<\/li>\n<li>Historia del arte y el dise\u00f1o<\/li>\n<li>Comunicaci\u00f3n<\/li>\n<li>Espacio Institucional<\/li>\n<li>Taller de Dise\u00f1o 1<\/li>\n<\/ul>\n<h6>2do A\u00f1o<\/h6>\n<ul>\n<li>Tipograf\u00eda 2<\/li>\n<li>Grafica asistida por computadora 2<\/li>\n<li>Tecnolog\u00eda 1<\/li>\n<li>Semiolog\u00eda de la Imagen<\/li>\n<li>Historia del Dise\u00f1o<\/li>\n<li>Organizaci\u00f3n de las Instituciones<\/li>\n<li>Espacio Institucional<\/li>\n<li>Taller de Dise\u00f1o 2<\/li>\n<\/ul>\n<h6>3er a\u00f1o<\/h6>\n<ul>\n<li>Taller Multimedial<\/li>\n<li>Fotograf\u00eda<\/li>\n<li>Sociolog\u00eda de la Comunicaci\u00f3n<\/li>\n<li>\u00c9tica y Legislaci\u00f3n<\/li>\n<li>Espacio Institucional<\/li>\n<li>Taller de Dise\u00f1o 3 y Proyecto<\/li>\n<\/ul>\n<p>TITULO INTERMEDIO: TECNICO EN DISE\u00d1O GR\u00c1FICO<\/p>\n<h4>T\u00cdTULO: DISE\u00d1ADOR GR\u00c1FICO<\/h4>\n<h6>4to A\u00f1o (Es necesario tener aprobado los 3 primeros a\u00f1os de la Tecnicatura)<\/h6>\n<ul>\n<li>Dise\u00f1o Institucional<\/li>\n<li>Dise\u00f1o de Informaci\u00f3n<\/li>\n<li>Dise\u00f1o de Medios<\/li>\n<li>Arte, Cultura y Est\u00e9tica en el mundo Contempor\u00e1neo<\/li>\n<\/ul>\n<\/div>\n<\/div>\n<\/div>\n<\/div>\n<\/div>\n\n\n\n<p class=\"has-large-font-size\"><strong>Qu\u00e9 salida laboral te ofrece<\/strong> <\/p>\n\n\n\n<p class=\"has-medium-font-size\">Dise\u00f1ador gr\u00e1fico en agencias de publicidad, estudios de dise\u00f1o, empresas de comunicaci\u00f3n y departamentos de marketing. Dise\u00f1ador de experiencia de usuario (UX\/UI) en empresas de tecnolog\u00eda y desarrollo de software. Director de arte en agencias de publicidad o estudios de dise\u00f1o, liderando equipos creativo. Dise\u00f1ador web, creando interfaces visuales para sitios web, aplicaciones m\u00f3viles y plataformas digitales.<br>Ilustrador digital, colaborando en proyectos editoriales, publicitarios o de entretenimiento. Animador digital, trabajando en estudios de animaci\u00f3n, agencias de publicidad o producci\u00f3n audiovisual.<br>Especialista en branding y comunicaci\u00f3n visual, ayudando a empresas a construir y gestionar su identidad de marca. Freelance, ofreciendo servicios de dise\u00f1o gr\u00e1fico de forma independiente a una variedad de clientes y proyectos.<\/p>\n","protected":false},"excerpt":{"rendered":"<p>T\u00cdTULO: T\u00c9CNICO EN DISE\u00d1O GR\u00c1FICO Por qu\u00e9 estudiar dise\u00f1o gr\u00e1fico Para canalizar tu creatividad y pasi\u00f3n por el arte en una carrera profesionalmente gratificante. Convertirte en un comunicador visual capaz de transmitir mensajes efectivos a trav\u00e9s de im\u00e1genes y elementos gr\u00e1ficos.&nbsp;Ser parte de una industria en constante evoluci\u00f3n que abarca desde publicidad hasta dise\u00f1o web, &#8230; <a title=\"Tecnicatura en Dise\u00f1o Gr\u00e1fico\" class=\"read-more\" href=\"https:\/\/eavberni-bue.infd.edu.ar\/sitio\/tecnicatura-en-diseno-grafico\/\" aria-label=\"More on Tecnicatura en Dise\u00f1o Gr\u00e1fico\">[+]<\/a><\/p>\n","protected":false},"author":26,"featured_media":0,"parent":0,"menu_order":0,"comment_status":"closed","ping_status":"closed","template":"","meta":[],"acf":[],"_links":{"self":[{"href":"https:\/\/eavberni-bue.infd.edu.ar\/sitio\/wp-json\/wp\/v2\/pages\/748"}],"collection":[{"href":"https:\/\/eavberni-bue.infd.edu.ar\/sitio\/wp-json\/wp\/v2\/pages"}],"about":[{"href":"https:\/\/eavberni-bue.infd.edu.ar\/sitio\/wp-json\/wp\/v2\/types\/page"}],"author":[{"embeddable":true,"href":"https:\/\/eavberni-bue.infd.edu.ar\/sitio\/wp-json\/wp\/v2\/users\/26"}],"replies":[{"embeddable":true,"href":"https:\/\/eavberni-bue.infd.edu.ar\/sitio\/wp-json\/wp\/v2\/comments?post=748"}],"version-history":[{"count":7,"href":"https:\/\/eavberni-bue.infd.edu.ar\/sitio\/wp-json\/wp\/v2\/pages\/748\/revisions"}],"predecessor-version":[{"id":1468,"href":"https:\/\/eavberni-bue.infd.edu.ar\/sitio\/wp-json\/wp\/v2\/pages\/748\/revisions\/1468"}],"wp:attachment":[{"href":"https:\/\/eavberni-bue.infd.edu.ar\/sitio\/wp-json\/wp\/v2\/media?parent=748"}],"curies":[{"name":"wp","href":"https:\/\/api.w.org\/{rel}","templated":true}]}}